uppose -5*f = 490 - 60. Let z = x - f. What are the prime factors of z?
2, 17
Suppose 3047 = -19*w - 17853. Let i = w - -1727. List the prime factors of i.
3, 11, 19
Let z be (4/1)/((-3)/6444). What are the prime factors of (z/64)/(3/(-12))?
3, 179
Let t = 3730 + -3623. Let x be (1 + 79/1)*-1. Let a = x + t. What are the prime factors of a?
3
Suppose -113 = 2*i - n - 5, 5*i = -4*n - 283. Let r = i - -60. What are the prime factors of 83*(0/r + 1)?
83
Let j(s) = 3*s**3 + 2*s**2 - 9 + s + s**2 - 20*s**2 + s + 5*s**3. List the prime factors of j(5).
2, 3
Suppose -3104*r = -3114*r + 136070. What are the prime factors of r?
11, 1237
Let r = 2 - 8. Let c be (4/6)/((-2)/r). Suppose -q + 4*o - 52 = -3*q, -4*q = c*o - 104. List the prime factors of q.
2, 13
Suppose -964 = -2*f + 1488. Suppose 11*n - 3272 + f = 0. List the prime factors of n.
2, 3, 31
Let q(w) = -w**2 + 59*w + 79. Let r(x) = x**2 - 1. Let i(d) = -q(d) + r(d). What are the prime factors of i(37)?
5, 19
Let a(t) = 283*t**3 - 4*t**2 + 1. Let m = 72 - 71. List the prime factors of a(m).
2, 5, 7
List the prime factors of 12/(-66) - (5799020/(-220) + (0 - -4)).
3, 5, 7, 251
Suppose 2*z - z + 78 = -5*f, 4*f + 74 = 5*z. Let u(o) = 2*o - 17. Let i be u(f). Let d = i + 100. List the prime factors of d.
3, 17
Let j(c) = c**3 - 3*c**2 - 3*c + 2. Let g be j(-3). Let f = -23 - g. Suppose b + f = 2*b. What are the prime factors of b?
2, 5
Let m = 219 + -194. Let h(t) = 15*t + 78. What are the prime factors of h(m)?
3, 151
Suppose 0 = -0*g - 2*g + 2676. Let o = -950 + g. Suppose 0 = j - 5*j + o. List the prime factors of j.
97
List the prime factors of (-3939)/(1 + (2 - (-2 + 6))) - 5.
2, 7, 281
Let y(g) = 9*g**3 - 6*g**2 - 59*g + 32. What are the prime factors of y(9)?
2, 17, 41
Suppose -32812 = -4*a + 4*g, -2*g = 5*a - 49312 + 8318. List the prime factors of a.
2, 5, 41
Let z(k) = -154*k + 873. List the prime factors of z(-25).
4723
Let z = 2190 + -1786. What are the prime factors of z?
2, 101
Suppose 16 = 5*i + 3*i. Suppose -1 = -u, 3*m + i*u = -3*u + 215. What are the prime factors of m?
2, 5, 7
Let t(d) = -d**2 + 12*d - 14. Suppose -5*u + 47 = -3. Let v be t(u). Suppose -v = -0*j - 3*j, x - 218 = -4*j. What are the prime factors of x?
2, 3, 5, 7
Suppose 10*i = 5*r + 14*i - 3859, -5*r - 3*i = -3863. List the prime factors of r.
5, 31
Let n(h) = -246*h**3 + 3*h**2 + 7*h + 5. Let k = -510 - -509. List the prime factors of n(k).
13, 19
Let w(q) = -q**2 - 23*q - 26. Let z = -187 - -174. What are the prime factors of w(z)?
2, 13
Suppose 12482 + 8048 = 4*g - 2*u, -3*g = -4*u - 15390. List the prime factors of g.
2, 17, 151
Suppose 52030 - 7998 = 2*u - 5*i, -u = -5*i - 22016. What are the prime factors of u?
2, 43
Suppose 13*m - 12*m - 3 = 0, 5*m = 4*h + 27. List the prime factors of 29*(3 - 36/h).
3, 5, 29
Suppose 13*c + 480 = c. What are the prime factors of (-3)/15 - 5448/c?
2, 17
Let f(l) = 126*l**3 - 14*l**2 + 3*l + 9. List the prime factors of f(4).
7, 1123
Let b be (-2)/(-2*1/(-3)). List the prime factors of (b - 3/(-4))*-32.
2, 3
Suppose 0*k = 5*c - 4*k - 13955, 3*k - 8400 = -3*c. What are the prime factors of c?
5, 13, 43
Let s = 458 + 703. Suppose -s - 348 = -3*n. What are the prime factors of n?
503
Suppose -2*u - 4*z + 8 = 0, 5*u = 4*z - z - 45. Let l be 4 + u - (16 + 0). What are the prime factors of (-596)/(-6) + -1*12/l?
2, 5
Suppose 2*d - 36228 = 2*c, -15013 = -2*d - 4*c + 21179. What are the prime factors of d?
2, 3, 503
Let o(k) = -21*k**2 + 5*k + 2. Let d be o(-3). Let t(z) = -1135*z + 1903. Let u be t(2). Let f = d - u. List the prime factors of f.
3, 5, 11
Suppose 3*u - z - 1 = 0, 3*u - 4*z + 14 = -0*u. Suppose 0 = 4*x - 4*a - 2940, 5*a = 2*x + u*a - 1471. List the prime factors of x.
2, 367
Suppose -385 = -8*a - 2041. Let l(j) = 91*j - 9. Let w be l(5). Let d = a + w. List the prime factors of d.
239
Suppose 45*k - 120 = 50*k. What are the prime factors of (-6)/k + (-2)/((-8)/687)?
2, 43
Let l(g) = -30*g + 100. Let y be l(2). What are the prime factors of ((-30)/y)/((-3)/24) - -956?
2, 13, 37
Let n(o) be the third derivative of 5*o**5/12 - o**4/8 + 5*o**3/6 - 10*o**2 + 9*o. What are the prime factors of n(4)?
3, 131
Let d(u) = 2*u**3 - 35*u**2 + 61*u - 41. List the prime factors of d(28).
18131
Let r = 2526 - 1765. What are the prime factors of r?
761
Let x(s) = 3*s**2 - 4*s + 8. Let j be x(-5). Let l(g) = 6*g**2 - 11. Let v be l(6). Let y = v - j. List the prime factors of y.
2, 3, 17
Let b(t) = 46440*t + 2030. List the prime factors of b(1).
2, 5, 37, 131
Let n(d) = -2*d**3 - d**2 + 5*d + 529. Let z(s) = s**3 - 17*s**2 + 16*s. Let i be z(16). What are the prime factors of n(i)?
23
Let l be (2/(-4))/(3 - (-849)/(-282)). Suppose -5*k + 5 = -5, 0 = 3*r + k - l. List the prime factors of ((-5)/r)/(2/6) + 23.
2, 11
Suppose -147*s + 141*s + 30 = 0. Suppose -3*d - 3*l = -2*l - 3943, 0 = -s*d + 5*l + 6585. List the prime factors of d.
5, 263
Let w = -32 - -33. What are the prime factors of ((-1419)/66)/(w/(-2))?
43
Suppose -3*c + 3*w = -135, c - 41 - 34 = -5*w. Let m = -45 + c. Suppose -m*z - 81 = -g, 3*g + 0*g - 2*z - 308 = 0. What are the prime factors of g?
2, 53
Let y be ((-27)/3)/(-3)*(-1)/(-1). Suppose -y*r + 175 = -221. Suppose r = 3*u - 60. List the prime factors of u.
2
Let w(y) = -6*y**3 + 21*y**2 - 96*y - 1520. What are the prime factors of w(-13)?
109, 151
Suppose t + 3*d + 4 = 57, -2*t = 3*d - 94. Let a = t - -202. List the prime factors of a.
3
List the prime factors of (27012*(-3)/24)/((-1)/2).
3, 2251
Suppose -2*s - 2*a + 80008 = 0, 7*s + 5*a - 8*a - 280018 = 0. What are the prime factors of s?
109, 367
Suppose 0*t + 152 = 5*s - 2*t, -84 = -2*s - 5*t. Suppose s = 5*u - i - 8, -3*i = 4*u - 32. List the prime factors of 4/((-3)/(3 - 588/u)).
2, 47
Suppose 6*d - 1 + 37 = 0. Let i = -93 - d. Let j = 58 - i. List the prime factors of j.
5, 29
Let p(l) = -40*l**2 + l. Let j be p(1). Let k = -48 - j. Let u(b) = 2*b**2 + 9*b - 10. List the prime factors of u(k).
71
Let a be (6/(-5))/((-15)/50). Let b(i) = 10*i - 2. What are the prime factors of b(a)?
2, 19
List the prime factors of ((4 - -3) + -772)/(5 - (-330)/(-65)).
3, 5, 13, 17
Let c = 368 - 241. Let i = -72 + c. Let d = 32 + i. What are the prime factors of d?
3, 29
Suppose -d = -r + 1977, 21*r = 22*r - 3*d - 1969. What are the prime factors of r?
7, 283
Let v be (15/3 - (-22)/(-5))*905. Suppose -v = 21*y - 11274. List the prime factors of y.
7, 73
Let q(n) = -8 + 2*n - 5 + 4. Let t = 1020 + -1013. List the prime factors of q(t).
5
Suppose 1267 = -0*n - 7*n. Let x = 263 - n. Suppose 0 = 3*v + 3*v - x. List the prime factors of v.
2, 37
Suppose -67021 - 10586 + 2652 = -15*q. List the prime factors of q.
19, 263
Let a(m) = -m**2 - 7*m - 4. Let r be a(-6). Suppose t - 2 = -r*l, 0 = -0*t + 2*t - 2*l - 10. What are the prime factors of (-264)/(-11)*t/6?
2
Suppose -3 = -3*x, 4*f = -22*x + 17*x + 13. Suppose -f*k + 807 = -833. List the prime factors of k.
2, 5, 41
Let s = 15332 - -48660. List the prime factors of s.
2, 19, 421
Let l = -84 - -88. Suppose -4*d - 5*r - 28 = -447, 0 = l*d + r - 423. What are the prime factors of d?
2, 53
Suppose -q + 4*z = -11, -z = q - 9 - 12. Suppose 64*t - 1022 = 57*t. Suppose t = 3*b - q. What are the prime factors of b?
5, 11
Suppose -10*n = 13*n - 33718. Suppose c = -5*v + n - 486, -3*v = -2*c + 1999. What are the prime factors of c?
5, 199
List the prime factors of -6033*(-4)/((-180)/(-15)).
2011
Let j be (-1)/(3 - 25/8). Let g be 1 + (3 - j) - -7. Suppose -v - 137 = -3*s, -g*s + 205 = v + 66. What are the prime factors of s?
2, 23
Suppose 5*a - 92706 = -4*w, 3*a + 4*w - 84548 = -28926. What are the prime factors of a?
2, 73, 127
Suppose 0 = 4*i - 3*s + 4, 5*i - 5*s + 3 = -7. Suppose 2*j + 14 = -2*v, i*j + 9 = 2*v + v. List the prime factors of 2/j*18/(-1).
2, 3
Let d(z) = 815*z - 1715. What are the prime factors of d(14)?
5, 7, 277
Suppose -x + 14784 = 31*v - 29*v, -x - 4*v = -14776. What are the prime factors of x?
2, 43
Let u(f) be the second derivative of -f**4/12 - 2*f**3/3 - 57*f**2/2 - 24*f. Let o(a) = 3*a + 56. Let b(g) = -5*o(g) - 4*u(g). List the prime factors of b(-7).
137
What are the prime factors of -3*((-22288)/21 + -1) + 2?
3, 1063
Let l(y) = y**2 - 20. Let a be l(5). Let q be